units digit of 119525694?
4
What is the ten millions digit of 426306402?
2
What is the ten thousands digit of 534029514?
2
What is the ten millions digit of 77040934?
7
What is the hundred millions digit of 1026835594?
0
What is the millions digit of 8494800?
8
What is the ten millions digit of 31178128?
3
What is the millions digit of 216114026?
6
What is the millions digit of 53290438?
3
What is the units digit of 100900062?
2
What is the millions digit of 43454307?
3
What is the hundred millions digit of 223501997?
2
What is the hundreds digit of 13936501?
5
What is the hundred millions digit of 204674453?
2
What is the ten millions digit of 125612138?
2
What is the ten thousands digit of 1488724643?
2
What is the ten thousands digit of 17201811?
0
What is the millions digit of 26865093?
6
What is the ten thousands digit of 840888169?
8
What is the hundreds digit of 6744920?
9
What is the millions digit of 34401846?
4
What is the billions digit of 4219928923?
4
What is the ten thousands digit of 62490652?
9
What is the hundreds digit of 3103860593?
5
What is the millions digit of 95189791?
5
What is the ten millions digit of 3340853666?
4
What is the hundred thousands digit of 3199877?
1
What is the millions digit of 31225937?
1
What is the hundreds digit of 6354388355?
3
What is the units digit of 931389988?
8
What is the thousands digit of 812467230?
7
What is the tens digit of 2062601827?
2
What is the hundreds digit of 8215098?
0
What is the hundreds digit of 11839790?
7
What is the ten millions digit of 61482119?
6
What is the tens digit of 494840742?
4
What is the hundreds digit of 197058092?
0
What is the hundred thousands digit of 565476626?
4
What is the ten thousands digit of 284986453?
8
What is the hundred millions digit of 1518290183?
5
What is the millions digit of 141646308?
1
What is the hundred thousands digit of 78357984?
3
What is the ten thousands digit of 77780489?
8
What is the ten thousands digit of 770780839?
8
What is the millions digit of 702898136?
2
What is the tens digit of 3679533647?
4
What is the thousands digit of 8181782?
1
What is the ten thousands digit of 108209056?
0
What is the tens digit of 198434599?
9
What is the ten thousands digit of 2990050692?
5
What is the millions digit of 663349780?
3
What is the thousands digit of 1416220467?
0
What is the tens digit of 19793940?
4
What is the hundred millions digit of 345581763?
3
What is the tens digit of 178237075?
7
What is the ten thousands digit of 85902316?
0
What is the hundred thousands digit of 1287183008?
1
What is the thousands digit of 80432211?
2
What is the tens digit of 3630298481?
8
What is the thousands digit of 1889280036?
0
What is the thousands digit of 68646253?
6
What is the thousands digit of 2898466406?
6
What is the thousands digit of 2328333657?
3
What is the ten millions digit of 51981278?
5
What is the ten millions digit of 167856064?
6
What is the hundreds digit of 31375616?
6
What is the ten thousands digit of 670160861?
6
What is the hundred thousands digit of 1402147579?
1
What is the millions digit of 2263348677?
3
What is the ten thousands digit of 130757285?
5
What is the units digit of 700793264?
4
What is the hundreds digit of 5316242?
2
What is the tens digit of 3353493?
9
What is the units digit of 236798716?
6
What is the ten millions digit of 404926150?
0
What is the tens digit of 209857146?
4
What is the ten millions digit of 182081489?
8
What is the millions digit of 1623810089?
3
What is the hundreds digit of 5968695?
6
What is the ten millions digit of 40611711?
4
What is the hundred thousands digit of 144382923?
3
What is the ten thousands digit of 183941066?
4
What is the millions digit of 247670577?
7
What is the ten millions digit of 410770424?
1
What is the ten millions digit of 20667822?
2
What is the ten thousands digit of 94351834?
5
What is the hundreds digit of 20652569?
5
What is the tens digit of 136867018?
1
What is the millions digit of 39278749?
9
What is the ten thousands digit of 347772467?
7
What is the ten millions digit of 1801337051?
0
What is the units digit of 18696629?
9
What is the tens digit of 106662337?
3
What is the units digit of 111735804?
4
What is the thousands digit of 1847348556?
8
What is the ten thousands digit of 4470245091?
4
What is the hundred thousands digit of 350818713?
8
What is the millions digit of 482089418?
2
What is the hundred millions digit of 2331220377?
3
What is the ten millions digit of 224085067?
2
What is the ten millions digit of 468828730?
6
What is the thousands digit of 299656904?
6
What is the hundred millions digit of 4706787849?
7
What is the ten thousands digit of 14716194?
1
What is the hundreds digit of 120523037?
0
What is the millions digit of 1392640828?
2
What is the thousands digit of 83566108?
6
What is the units digit of 62320191?
1
What is the ten thousands digit of 15814421?
1
What is the hundred millions digit of 4310301470?
3
What is the hundreds digit of 50077207?
2
What is the hundred thousands digit of 6005464366?
4
What is the tens digit of 19173551?
5
What is the tens digit of 242257067?
6
What is the ten thousands digit of 64740604?
4
What is the hundred millions digit of 157322586?
1
What is the millions digit of 91273536?
1
What is the billions digit of 1889746733?
1
What is the units digit of 106447545?
5
What is the thousands digit of 643436?
3
What is the millions digit of 7293357?
7
What is the ten thousands digit of 4116327101?
2
What is the hundreds digit of 40846344?
3
What is the hundred millions digit of 746108994?
7
What is the hundred thousands digit of 674748373?
7
What is the tens digit of 347512222?
2
What is the ten thousands digit of 66976439?
7
What is the thousands digit of 224317382?
7
What is the hundred thousands digit of 3006622959?
6
What is the millions digit of 139200825?
9
What is the tens digit of 5552254709?
0
What is the thousands digit of 527235581?
5
What is the hundred thousands digit of 10650980?
6
What is the ten thousands digit of 117059161?
5
What is the thousands digit of 715407837?
7
What is the thousands digit of 761247302?
7
What is the units digit of 178477668?
8
What is the ten millions digit of 679076474?
7
What is the hundred millions digit of 209070025?
2
What is the ten millions digit of 115322097?
1
What is the ten millions digit of 1392667067?
9
What is the hundreds digit of 185162016?
0
What is the units digit of 18624672?
2
What is the billions digit of 6038985721?
6
What is the ten millions digit of 65367988?
6
What is the ten millions digit of 1155523278?
5
What is the tens digit of 163417005?
0
What is the tens digit of 143211587?
8
What is the hundred thousands digit of 2580278231?
2
What is the units digit of 31646679?
9
What is the thousands digit of 3575980?
5
What is the ten millions digit of 1407958657?
0
What is the ten millions digit of 42967724?
4
What is the ten thousands digit of 154275?
5
What is the hundred thousands digit of 24368505?
3
What is the tens digit of 1425098158?
5
What is the thousands digit of 2239221881?
1
What is the millions digit of 120495620?
0
What is the hundred thousands digit of 839438291?
4
What is the millions digit of 1809549447?
9
What is the hundred thousands digit of 89425576?
4
What is the tens digit of 137526569?
6
What is the hundreds digit of 348045696?
6
What is the units digit of 158211335?
5
What is the millions digit of 9030932?
9
What is the tens digit of 227898318?
1
What is the tens digit of 64630149?
4
What is the thousands digit of 45657537?
7
What is the ten millions digit of 33925700?
3
What is the units digit of 6450466288?
8
What is the tens digit of 178027046?
4
What is the hundred thousands digit of 234258415?
2
What is the thousands digit of 1425999?
5
What is the thousands digit of 3835836155?
6
What is the hundreds digit of 1047891234?
2
What is the hundred millions digit of 307413179?
3
What is the hundred thousands digit of 7353448689?
4
What is the ten thousands digit of 97073854?
7
What is the thousands digit of 1026162213?
2
What is the hundreds digit of 242950298?
2
What is the ten thousands digit of 461351102?
5
What is the hundred thousands digit of 37578414?
5
What is the tens digit of 3391011849?
4